{"id":1130,"date":"2015-03-04T18:19:19","date_gmt":"2015-03-04T18:19:19","guid":{"rendered":"https:\/\/comeniusmathematiques.portail15.fr\/?page_id=1130"},"modified":"2015-03-06T13:48:54","modified_gmt":"2015-03-06T13:48:54","slug":"ecole-communale-fondamentale-immersive-centre-educatif-europeen","status":"publish","type":"page","link":"https:\/\/comeniusmathematiques.portail15.fr\/?page_id=1130","title":{"rendered":"Ecole communale fondamentale immersive : Centre Educatif Europ\u00e9en"},"content":{"rendered":"<p align=\"LEFT\"><span style=\"font-family: Verdana,sans-serif;\"><span style=\"font-size: small;\">Type d&#8217;organisme&gt; Ecole primaire (EDU-SCHPrm)<\/span><\/span><\/p> <p align=\"LEFT\"><span style=\"font-family: Verdana,sans-serif;\"><span style=\"font-size: small;\">P\u00e9rim\u00e8tre g\u00e9ographique&gt; local (L)<\/span><\/span><\/p> <p align=\"LEFT\"><span style=\"font-family: Verdana,sans-serif;\"><span style=\"font-size: small;\">Statut juridique&gt; Public (PB)<\/span><\/span><\/p> <p align=\"LEFT\"><span style=\"font-family: Verdana,sans-serif;\"><span style=\"font-size: small;\">Taille (personnel)&gt; <\/span><\/span>21 \u00e0 50<\/p> <p align=\"LEFT\"><span style=\"font-family: Verdana,sans-serif;\"><span style=\"font-size: small;\">Taille (\u00e9l\u00e8ves) &gt; 251 \u00e0 500<\/span><\/span><\/p> <p align=\"LEFT\"><span style=\"font-family: Verdana,sans-serif;\"><span style=\"font-size: small;\">Adresse l\u00e9gale&gt; Rue Cotonni\u00e8re 17<\/span><\/span><\/p> <p align=\"LEFT\"><span style=\"font-family: Verdana,sans-serif;\"><span style=\"font-size: small;\">Code postal&gt; 7700<\/span><\/span><\/p> <p align=\"LEFT\"><span style=\"font-family: Verdana,sans-serif;\"><span style=\"font-size: small;\">Ville&gt; <b>Mouscron<\/b><\/span><\/span><\/p> <p align=\"LEFT\"><span style=\"font-family: Verdana,sans-serif;\"><span style=\"font-size: small;\">Pays&gt; BE \u2013 <b>BELGIQUE<\/b><\/span><\/span><\/p> <p align=\"LEFT\"><span style=\"font-family: Verdana,sans-serif;\"><span style=\"font-size: small;\">R\u00e9gion&gt; BE32 &#8211; Prov. <b>Hainaut<\/b><\/span><\/span><\/p> <p align=\"LEFT\"><span style=\"font-family: Verdana,sans-serif;\"><span style=\"font-size: small;\">T\u00e9l\u00e9phone 1&gt; 0032 56 34 40 14<\/span><\/span><\/p> <p align=\"LEFT\"><span style=\"font-family: Verdana,sans-serif;\"><span style=\"font-size: small;\">Email&gt; <a href=\"mailto:ec.ceestation@mouscron.be\">ec.ceestation@mouscron.be<\/a> <\/span><\/span><\/p> <p align=\"LEFT\"><span style=\"font-family: Verdana,sans-serif;\"><span style=\"font-size: small;\">Site web&gt; <a href=\"http:\/\/www.ceeimmersionmouscron.be\/content.php\">http:\/\/www.ceeimmersionmouscron.be\/content.php<\/a> <\/span><\/span><\/p> <p align=\"LEFT\"><span style=\"font-family: Verdana,sans-serif;\"><span style=\"font-size: small;\">PERSONNE DE CONTACT&gt; Monsieur <b>Guy Vancraeyveldt<\/b>, directeur<\/span><\/span><\/p> <p align=\"LEFT\"><span style=\"font-family: Verdana,sans-serif;\"><span style=\"font-size: small;\">Gsm&gt; 0032 478 344 139<\/span><\/span><\/p> <p align=\"LEFT\"><span style=\"font-family: Verdana,sans-serif;\"><span style=\"font-size: small;\">REPRESENTANT LEGAL&gt; Monsieur Guy Vancraeyveldt, directeur<\/span><\/span><\/p> <p align=\"LEFT\"><span style=\"font-family: Verdana,sans-serif;\"><span style=\"font-size: small;\">Organisme&gt; Ecole communale fondamentale immersive Centre Educatif Europ\u00e9en<\/span><\/span><\/p> <p align=\"LEFT\"><span style=\"font-family: Verdana,sans-serif;\"><span style=\"font-size: small;\">DESCRIPTION&gt;<\/span><\/span><\/p> <p align=\"LEFT\"><span style=\"font-family: Verdana,sans-serif;\"><span style=\"font-size: small;\">Ecole immersive fondamentale bilingue (FR-NL) situ\u00e9e au centre de Mouscron (en n\u00e9erlandais Moeskroen, en picard Moucron). Ville francophone \u00e0 facilit\u00e9s de Belgique (56000 habitants) situ\u00e9e en R\u00e9gion wallonne, mais aussi \u00e0 la fronti\u00e8re linguistique avec la Flandre ainsi qu&#8217;\u00e0 la fronti\u00e8re avec la France (EUROZONE), chef-lieu d&#8217;arrondissement dans la province de Hainaut, Mouscron fait \u00e9galement partie du Hainaut Occidental. Aujourd&#8217;hui, la connaissance d&#8217;une ou plusieurs langues \u00e9trang\u00e8res est une n\u00e9cessit\u00e9 que tout le monde reconna\u00eet. Depuis septembre 1990, le Centre Educatif Europ\u00e9en pratique l&#8217;apprentissage pr\u00e9coce du n\u00e9erlandais \u00e0 raison de 4 p\u00e9riodes hebdomadaires r\u00e9parties de la classe d&#8217;accueil \u00e0 la fin de la deuxi\u00e8me maternelle.<\/span><\/span><\/p> <p align=\"LEFT\"><span style=\"font-family: Verdana,sans-serif;\"><span style=\"font-size: small;\">Depuis 1998, le Centre Educatif Europ\u00e9en pratique l&#8217;apprentissage par immersion de la troisi\u00e8me maternelle \u00e0 la sixi\u00e8me primaire \u00e0 raison de 50 % du temps dans les deux langues. Les cours de math\u00e9matiques sont abord\u00e9s dans les deux langues. Neuf classes, en section maternelle 2 \u00e0 5 ans ( 180), quinze classes en section primaire 6 \u00e0 12 ans(315), situ\u00e9es dans deux implantations distinctes, accueillent +\/- 500 \u00e9l\u00e8ves issus de milieux socioprofessionnels divers. Une pr\u00e9sence importante de nationalit\u00e9s diff\u00e9rentes. Plusieurs \u00e9l\u00e8ves ont des besoins sp\u00e9cifiques mais b\u00e9n\u00e9ficient de dispositifs d&#8217;aides particuliers.<\/span><\/span><\/p> <p align=\"LEFT\"><span style=\"font-family: Verdana,sans-serif;\"><span style=\"font-size: small;\">PROJETS PRECEDENTS<\/span><\/span><\/p> <p align=\"LEFT\"><span style=\"font-family: Verdana,sans-serif;\"><span style=\"font-size: small;\">Ann\u00e9e de d\u00e9but&gt; 2007<\/span><\/span><\/p> <p align=\"LEFT\"><span style=\"font-family: Verdana,sans-serif;\"><span style=\"font-size: small;\">Type d&#8217;action&gt; Com\u00e9nius<\/span><\/span><\/p> <p align=\"LEFT\"><span style=\"font-family: Verdana,sans-serif;\"><span style=\"font-size: small;\">Num\u00e9ro de convention&gt; 07-FRA1-CO06-00438-1<\/span><\/span><\/p> <p align=\"LEFT\"><span style=\"font-family: Verdana,sans-serif;\"><span style=\"font-size: small;\">Titre du projet&gt; Education artistique\/ Identit\u00e9 europ\u00e9enne<\/span><\/span><\/p> <p align=\"LEFT\"><span style=\"font-family: Verdana,sans-serif;\"><span style=\"font-size: small;\">La participation de l&#8217;organisme \u00e0 la candidature de partenariat est le r\u00e9sultat de :<\/span><\/span><\/p> <p align=\"LEFT\"><span style=\"font-family: Verdana,sans-serif;\"><span style=\"font-size: small;\">Visite pr\u00e9paratoire \u00e0 un futur organisme partenaire (PREP03)<\/span><\/span><\/p> <p align=\"LEFT\"><span style=\"font-family: Verdana,sans-serif;\"><span style=\"font-size: small;\">Num\u00e9ro de convention&gt; CV12009<\/span><\/span><\/p> ","protected":false},"excerpt":{"rendered":"<p>Type d&#8217;organisme&gt; Ecole primaire (EDU-SCHPrm) P\u00e9rim\u00e8tre g\u00e9ographique&gt; local (L) Statut juridique&gt; Public (PB) Taille (personnel)&gt; 21 \u00e0 50 Taille (\u00e9l\u00e8ves) &gt; 251 \u00e0 500 Adresse l\u00e9gale&gt; Rue Cotonni\u00e8re 17 Code postal&gt; 7700 Ville&gt; Mouscron Pays&gt; BE \u2013 BELGIQUE R\u00e9gion&gt; BE32 &#8211; Prov. Hainaut T\u00e9l\u00e9phone 1&gt; 0032 56 34 40 14 Email&gt; ec.ceestation@mouscron.be Site web&gt; http:\/\/www.ceeimmersionmouscron.be\/content.php [&hellip;]<\/p>\n","protected":false},"author":6,"featured_media":0,"parent":499,"menu_order":3,"comment_status":"closed","ping_status":"closed","template":"","meta":{"footnotes":""},"class_list":["post-1130","page","type-page","status-publish","hentry"],"_links":{"self":[{"href":"https:\/\/comeniusmathematiques.portail15.fr\/index.php?rest_route=\/wp\/v2\/pages\/1130","targetHints":{"allow":["GET"]}}],"collection":[{"href":"https:\/\/comeniusmathematiques.portail15.fr\/index.php?rest_route=\/wp\/v2\/pages"}],"about":[{"href":"https:\/\/comeniusmathematiques.portail15.fr\/index.php?rest_route=\/wp\/v2\/types\/page"}],"author":[{"embeddable":true,"href":"https:\/\/comeniusmathematiques.portail15.fr\/index.php?rest_route=\/wp\/v2\/users\/6"}],"replies":[{"embeddable":true,"href":"https:\/\/comeniusmathematiques.portail15.fr\/index.php?rest_route=%2Fwp%2Fv2%2Fcomments&post=1130"}],"version-history":[{"count":2,"href":"https:\/\/comeniusmathematiques.portail15.fr\/index.php?rest_route=\/wp\/v2\/pages\/1130\/revisions"}],"predecessor-version":[{"id":1252,"href":"https:\/\/comeniusmathematiques.portail15.fr\/index.php?rest_route=\/wp\/v2\/pages\/1130\/revisions\/1252"}],"up":[{"embeddable":true,"href":"https:\/\/comeniusmathematiques.portail15.fr\/index.php?rest_route=\/wp\/v2\/pages\/499"}],"wp:attachment":[{"href":"https:\/\/comeniusmathematiques.portail15.fr\/index.php?rest_route=%2Fwp%2Fv2%2Fmedia&parent=1130"}],"curies":[{"name":"wp","href":"https:\/\/api.w.org\/{rel}","templated":true}]}}

Ecole communale fondamentale immersive : Centre Educatif Européen

<p align="LEFT"><span style="font-family: Verdana,sans-serif;"><span style="font-size: small;">Type d&#8217;organisme&gt; Ecole primaire (EDU-SCHPrm)</span></span></p> <p align="LEFT"><span style="font-family: Verdana,sans-serif;"><span style="font-size: small;">Périmètre géographique&gt; local (L)</span></span></p> <p align="LEFT"><span style="font-family: Verdana,sans-serif;"><span style="font-size: small;">Statut juridique&gt; Public (PB)</span></span></p> <p align="LEFT"><span style="font-family: Verdana,sans-serif;"><span style="font-size: small;">Taille (personnel)&gt; </span></span>21 à 50</p> <p align="LEFT"><span style="font-family: Verdana,sans-serif;"><span style="font-size: small;">Taille (élèves) &gt; 251 à 500</span></span></p> <p align="LEFT"><span style="font-family: Verdana,sans-serif;"><span style="font-size: small;">Adresse légale&gt; Rue Cotonnière 17</span></span></p> <p align="LEFT"><span style="font-family: Verdana,sans-serif;"><span style="font-size: small;">Code postal&gt; 7700</span></span></p> <p align="LEFT"><span style="font-family: Verdana,sans-serif;"><span style="font-size: small;">Ville&gt; <b>Mouscron</b></span></span></p> <p align="LEFT"><span style="font-family: Verdana,sans-serif;"><span style="font-size: small;">Pays&gt; BE – <b>BELGIQUE</b></span></span></p> <p align="LEFT"><span style="font-family: Verdana,sans-serif;"><span style="font-size: small;">Région&gt; BE32 &#8211; Prov. <b>Hainaut</b></span></span></p> <p align="LEFT"><span style="font-family: Verdana,sans-serif;"><span style="font-size: small;">Téléphone 1&gt; 0032 56 34 40 14</span></span></p> <p align="LEFT"><span style="font-family: Verdana,sans-serif;"><span style="font-size: small;">Email&gt; <a href="mailto:ec.ceestation@mouscron.be">ec.ceestation@mouscron.be</a> </span></span></p> <p align="LEFT"><span style="font-family: Verdana,sans-serif;"><span style="font-size: small;">Site web&gt; <a href="http://www.ceeimmersionmouscron.be/content.php">http://www.ceeimmersionmouscron.be/content.php</a> </span></span></p> <p align="LEFT"><span style="font-family: Verdana,sans-serif;"><span style="font-size: small;">PERSONNE DE CONTACT&gt; Monsieur <b>Guy Vancraeyveldt</b>, directeur</span></span></p> <p align="LEFT"><span style="font-family: Verdana,sans-serif;"><span style="font-size: small;">Gsm&gt; 0032 478 344 139</span></span></p> <p align="LEFT"><span style="font-family: Verdana,sans-serif;"><span style="font-size: small;">REPRESENTANT LEGAL&gt; Monsieur Guy Vancraeyveldt, directeur</span></span></p> <p align="LEFT"><span style="font-family: Verdana,sans-serif;"><span style="font-size: small;">Organisme&gt; Ecole communale fondamentale immersive Centre Educatif Européen</span></span></p> <p align="LEFT"><span style="font-family: Verdana,sans-serif;"><span style="font-size: small;">DESCRIPTION&gt;</span></span></p> <p align="LEFT"><span style="font-family: Verdana,sans-serif;"><span style="font-size: small;">Ecole immersive fondamentale bilingue (FR-NL) située au centre de Mouscron (en néerlandais Moeskroen, en picard Moucron). Ville francophone à facilités de Belgique (56000 habitants) située en Région wallonne, mais aussi à la frontière linguistique avec la Flandre ainsi qu&#8217;à la frontière avec la France (EUROZONE), chef-lieu d&#8217;arrondissement dans la province de Hainaut, Mouscron fait également partie du Hainaut Occidental. Aujourd&#8217;hui, la connaissance d&#8217;une ou plusieurs langues étrangères est une nécessité que tout le monde reconnaît. Depuis septembre 1990, le Centre Educatif Européen pratique l&#8217;apprentissage précoce du néerlandais à raison de 4 périodes hebdomadaires réparties de la classe d&#8217;accueil à la fin de la deuxième maternelle.</span></span></p> <p align="LEFT"><span style="font-family: Verdana,sans-serif;"><span style="font-size: small;">Depuis 1998, le Centre Educatif Européen pratique l&#8217;apprentissage par immersion de la troisième maternelle à la sixième primaire à raison de 50 % du temps dans les deux langues. Les cours de mathématiques sont abordés dans les deux langues. Neuf classes, en section maternelle 2 à 5 ans ( 180), quinze classes en section primaire 6 à 12 ans(315), situées dans deux implantations distinctes, accueillent +/- 500 élèves issus de milieux socioprofessionnels divers. Une présence importante de nationalités différentes. Plusieurs élèves ont des besoins spécifiques mais bénéficient de dispositifs d&#8217;aides particuliers.</span></span></p> <p align="LEFT"><span style="font-family: Verdana,sans-serif;"><span style="font-size: small;">PROJETS PRECEDENTS</span></span></p> <p align="LEFT"><span style="font-family: Verdana,sans-serif;"><span style="font-size: small;">Année de début&gt; 2007</span></span></p> <p align="LEFT"><span style="font-family: Verdana,sans-serif;"><span style="font-size: small;">Type d&#8217;action&gt; Coménius</span></span></p> <p align="LEFT"><span style="font-family: Verdana,sans-serif;"><span style="font-size: small;">Numéro de convention&gt; 07-FRA1-CO06-00438-1</span></span></p> <p align="LEFT"><span style="font-family: Verdana,sans-serif;"><span style="font-size: small;">Titre du projet&gt; Education artistique/ Identité européenne</span></span></p> <p align="LEFT"><span style="font-family: Verdana,sans-serif;"><span style="font-size: small;">La participation de l&#8217;organisme à la candidature de partenariat est le résultat de :</span></span></p> <p align="LEFT"><span style="font-family: Verdana,sans-serif;"><span style="font-size: small;">Visite préparatoire à un futur organisme partenaire (PREP03)</span></span></p> <p align="LEFT"><span style="font-family: Verdana,sans-serif;"><span style="font-size: small;">Numéro de convention&gt; CV12009</span></span></p>

<p>Type d&#8217;organisme&gt; Ecole primaire (EDU-SCHPrm) Périmètre géographique&gt; local (L) Statut juridique&gt; Public (PB) Taille (personnel)&gt; 21 à 50 Taille (élèves) &gt; 251 à 500 Adresse légale&gt; Rue Cotonnière 17 Code postal&gt; 7700 Ville&gt; Mouscron Pays&gt; BE – BELGIQUE Région&gt; BE32 &#8211; Prov. Hainaut Téléphone 1&gt; 0032 56 34 40 14 Email&gt; ec.ceestation@mouscron.be Site web&gt; http://www.ceeimmersionmouscron.be/content.php [&hellip;]</p>
