{"id":1432,"date":"2015-04-09T15:04:59","date_gmt":"2015-04-09T15:04:59","guid":{"rendered":"https:\/\/comeniusmathematiques.portail15.fr\/?page_id=1432"},"modified":"2015-10-20T22:22:40","modified_gmt":"2015-10-20T22:22:40","slug":"elements-de-contexte","status":"publish","type":"page","link":"https:\/\/comeniusmathematiques.portail15.fr\/?page_id=1432","title":{"rendered":"El\u00e9ments de contexte"},"content":{"rendered":"<p>Lors de chaque mobilit\u00e9, chaque partenaire a eu \u00e0 c\u0153ur de faire d\u00e9couvrir \u00e0 ses visiteurs diff\u00e9rents aspects de l&#8217;\u00e9cole de son pays, de sa r\u00e9gion, mais aussi le contexte p\u00e9dagogique, culturel, linguistique, historique, social, \u00e9conomique, environnemental&#8230; dans lequel se d\u00e9veloppent les activit\u00e9s propos\u00e9es aux \u00e9l\u00e8ves. Cette rubrique permet de donner quelques aper\u00e7us, selon les points de vue de chacun.<\/p> <p>Au sommaire:<\/p> <p>1. les enqu\u00eates PISA qui donnent un classement de chaque pays par rapport aux r\u00e9sultats des \u00e9l\u00e8ves,<br \/> 2. l&#8217;esprit de &#8220;la tribu&#8221; que nous avons d\u00e9couvert \u00e0 l&#8217;\u00e9cole de Camprodon et que nous avons adopt\u00e9,<br \/> 3. La visite de l&#8217;universit\u00e9 de Jyv\u00e4skyl\u00e4,<br \/> 4. le sharing feed-back en Finlande, soutien aux jeunes enseignants par des enseignants plus exp\u00e9riment\u00e9s,<br \/> 5. la table ronde \u00e0 l&#8217;\u00e9cole de Lascelle o\u00f9 chaque partenaire a pr\u00e9sent\u00e9 le fonctionnement de son \u00e9cole \u00e0 des enseignants fran\u00e7ais.<\/p> <p><iframe src=\"\/\/docs.google.com\/viewer?url=https%3A%2F%2Fcomeniusmathematiques.portail15.fr%2Fwp-content%2Fuploads%2F2015%2F04%2F07_5_Lascelles_table-ronde_belgique_prbene.pdf&hl=fr&embedded=true\" class=\"gde-frame\" style=\"width:100%; height:500px; border: none;\" scrolling=\"no\"><\/iframe>\n<p class=\"gde-text\"><a href=\"https:\/\/comeniusmathematiques.portail15.fr\/wp-content\/uploads\/2015\/04\/07_5_Lascelles_table-ronde_belgique_prbene.pdf\" class=\"gde-link\">T\u00e9l\u00e9charger (PDF, 117KB)<\/a><\/p><\/p> <p><iframe src=\"\/\/docs.google.com\/viewer?url=https%3A%2F%2Fcomeniusmathematiques.portail15.fr%2Fwp-content%2Fuploads%2F2015%2F04%2F07_5_Lascelles_table-ronde_freinet_crBene.pdf&hl=fr&embedded=true\" class=\"gde-frame\" style=\"width:100%; height:500px; border: none;\" scrolling=\"no\"><\/iframe>\n<p class=\"gde-text\"><a href=\"https:\/\/comeniusmathematiques.portail15.fr\/wp-content\/uploads\/2015\/04\/07_5_Lascelles_table-ronde_freinet_crBene.pdf\" class=\"gde-link\">T\u00e9l\u00e9charger (PDF, 116KB)<\/a><\/p><\/p> <p>(&#8230;)<\/p> <p>&nbsp;<\/p> <p><strong>CATALUNYA<\/strong><\/p> <p><iframe src=\"\/\/docs.google.com\/viewer?url=https%3A%2F%2Fcomeniusmathematiques.portail15.fr%2Fwp-content%2Fuploads%2F2015%2F04%2F05_camprodon_annexe2.pdf&hl=fr&embedded=true\" class=\"gde-frame\" style=\"width:100%; height:500px; border: none;\" scrolling=\"no\"><\/iframe>\n<p class=\"gde-text\"><a href=\"https:\/\/comeniusmathematiques.portail15.fr\/wp-content\/uploads\/2015\/04\/05_camprodon_annexe2.pdf\" class=\"gde-link\">T\u00e9l\u00e9charger (PDF, 104KB)<\/a><\/p><\/p> <p><iframe src=\"\/\/docs.google.com\/viewer?url=https%3A%2F%2Fcomeniusmathematiques.portail15.fr%2Fwp-content%2Fuploads%2F2015%2F04%2F05_camprodon_annexe3.pdf&hl=fr&embedded=true\" class=\"gde-frame\" style=\"width:100%; height:500px; border: none;\" scrolling=\"no\"><\/iframe>\n<p class=\"gde-text\"><a href=\"https:\/\/comeniusmathematiques.portail15.fr\/wp-content\/uploads\/2015\/04\/05_camprodon_annexe3.pdf\" class=\"gde-link\">T\u00e9l\u00e9charger (PDF, 100KB)<\/a><\/p><\/p> <p><iframe src=\"\/\/docs.google.com\/viewer?url=https%3A%2F%2Fcomeniusmathematiques.portail15.fr%2Fwp-content%2Fuploads%2F2015%2F04%2F05_camprodon_annexe4.pdf&hl=fr&embedded=true\" class=\"gde-frame\" style=\"width:100%; height:500px; border: none;\" scrolling=\"no\"><\/iframe>\n<p class=\"gde-text\"><a href=\"https:\/\/comeniusmathematiques.portail15.fr\/wp-content\/uploads\/2015\/04\/05_camprodon_annexe4.pdf\" class=\"gde-link\">T\u00e9l\u00e9charger (PDF, 114KB)<\/a><\/p><\/p> <p><iframe src=\"\/\/docs.google.com\/viewer?url=https%3A%2F%2Fcomeniusmathematiques.portail15.fr%2Fwp-content%2Fuploads%2F2015%2F04%2F05_camprodon_annexe5_Extrait_historique_approche_enseignement.pdf&hl=fr&embedded=true\" class=\"gde-frame\" style=\"width:100%; height:500px; border: none;\" scrolling=\"no\"><\/iframe>\n<p class=\"gde-text\"><a href=\"https:\/\/comeniusmathematiques.portail15.fr\/wp-content\/uploads\/2015\/04\/05_camprodon_annexe5_Extrait_historique_approche_enseignement.pdf\" class=\"gde-link\">T\u00e9l\u00e9charger (PDF, 18KB)<\/a><\/p><\/p> <p><iframe src=\"\/\/docs.google.com\/viewer?url=https%3A%2F%2Fcomeniusmathematiques.portail15.fr%2Fwp-content%2Fuploads%2F2015%2F04%2F05_camprodon_annexe7_1714.pdf&hl=fr&embedded=true\" class=\"gde-frame\" style=\"width:100%; height:500px; border: none;\" scrolling=\"no\"><\/iframe>\n<p class=\"gde-text\"><a href=\"https:\/\/comeniusmathematiques.portail15.fr\/wp-content\/uploads\/2015\/04\/05_camprodon_annexe7_1714.pdf\" class=\"gde-link\">T\u00e9l\u00e9charger (PDF, 214KB)<\/a><\/p><\/p> <p><strong>FRANCE<\/strong><\/p> <p><iframe src=\"\/\/docs.google.com\/viewer?url=https%3A%2F%2Fcomeniusmathematiques.portail15.fr%2Fwp-content%2Fuploads%2F2015%2F04%2F07_4_feldenkrais.jpg&hl=fr&embedded=true\" class=\"gde-frame\" style=\"width:100%; height:500px; border: none;\" scrolling=\"no\"><\/iframe>\n<p class=\"gde-text\"><a href=\"https:\/\/comeniusmathematiques.portail15.fr\/wp-content\/uploads\/2015\/04\/07_4_feldenkrais.jpg\" class=\"gde-link\">T\u00e9l\u00e9charger (JPG, 120KB)<\/a><\/p><\/p> <p><strong>SUOMI<\/strong><\/p> <p><iframe src=\"\/\/docs.google.com\/viewer?url=https%3A%2F%2Fcomeniusmathematiques.portail15.fr%2Fwp-content%2Fuploads%2F2015%2F04%2F08_2_Jyv%C3%A4skyl%C3%A4_paivakoti.pdf&hl=fr&embedded=true\" class=\"gde-frame\" style=\"width:100%; height:500px; border: none;\" scrolling=\"no\"><\/iframe>\n<p class=\"gde-text\"><a href=\"https:\/\/comeniusmathematiques.portail15.fr\/wp-content\/uploads\/2015\/04\/08_2_Jyv\u00e4skyl\u00e4_paivakoti.pdf\" class=\"gde-link\">T\u00e9l\u00e9charger (PDF, 154KB)<\/a><\/p><\/p> <p><iframe src=\"\/\/docs.google.com\/viewer?url=https%3A%2F%2Fcomeniusmathematiques.portail15.fr%2Fwp-content%2Fuploads%2F2015%2F04%2F08_2_paivakoti-annexe1.pdf&hl=fr&embedded=true\" class=\"gde-frame\" style=\"width:100%; height:500px; border: none;\" scrolling=\"no\"><\/iframe>\n<p class=\"gde-text\"><a href=\"https:\/\/comeniusmathematiques.portail15.fr\/wp-content\/uploads\/2015\/04\/08_2_paivakoti-annexe1.pdf\" class=\"gde-link\">T\u00e9l\u00e9charger (PDF, 148KB)<\/a><\/p><\/p> <p><strong>EESTI<\/strong><\/p> <p><iframe src=\"\/\/docs.google.com\/viewer?url=https%3A%2F%2Fcomeniusmathematiques.portail15.fr%2Fwp-content%2Fuploads%2F2015%2F04%2F08_6_estonie.pdf&hl=fr&embedded=true\" class=\"gde-frame\" style=\"width:100%; height:500px; border: none;\" scrolling=\"no\"><\/iframe>\n<p class=\"gde-text\"><a href=\"https:\/\/comeniusmathematiques.portail15.fr\/wp-content\/uploads\/2015\/04\/08_6_estonie.pdf\" class=\"gde-link\">T\u00e9l\u00e9charger (PDF, 173KB)<\/a><\/p><\/p> <p><iframe src=\"\/\/docs.google.com\/viewer?url=https%3A%2F%2Fcomeniusmathematiques.portail15.fr%2Fwp-content%2Fuploads%2F2015%2F04%2F08_7_estonie-annexe2.pdf&hl=fr&embedded=true\" class=\"gde-frame\" style=\"width:100%; height:500px; border: none;\" scrolling=\"no\"><\/iframe>\n<p class=\"gde-text\"><a href=\"https:\/\/comeniusmathematiques.portail15.fr\/wp-content\/uploads\/2015\/04\/08_7_estonie-annexe2.pdf\" class=\"gde-link\">T\u00e9l\u00e9charger (PDF, 259KB)<\/a><\/p><\/p> <p>&nbsp;<\/p> ","protected":false},"excerpt":{"rendered":"<p>Lors de chaque mobilit\u00e9, chaque partenaire a eu \u00e0 c\u0153ur de faire d\u00e9couvrir \u00e0 ses visiteurs diff\u00e9rents aspects de l&#8217;\u00e9cole de son pays, de sa r\u00e9gion, mais aussi le contexte p\u00e9dagogique, culturel, linguistique, historique, social, \u00e9conomique, environnemental&#8230; dans lequel se d\u00e9veloppent les activit\u00e9s propos\u00e9es aux \u00e9l\u00e8ves. Cette rubrique permet de donner quelques aper\u00e7us, selon les [&hellip;]<\/p>\n","protected":false},"author":3,"featured_media":0,"parent":0,"menu_order":6,"comment_status":"closed","ping_status":"closed","template":"","meta":{"footnotes":""},"class_list":["post-1432","page","type-page","status-publish","hentry"],"_links":{"self":[{"href":"https:\/\/comeniusmathematiques.portail15.fr\/index.php?rest_route=\/wp\/v2\/pages\/1432","targetHints":{"allow":["GET"]}}],"collection":[{"href":"https:\/\/comeniusmathematiques.portail15.fr\/index.php?rest_route=\/wp\/v2\/pages"}],"about":[{"href":"https:\/\/comeniusmathematiques.portail15.fr\/index.php?rest_route=\/wp\/v2\/types\/page"}],"author":[{"embeddable":true,"href":"https:\/\/comeniusmathematiques.portail15.fr\/index.php?rest_route=\/wp\/v2\/users\/3"}],"replies":[{"embeddable":true,"href":"https:\/\/comeniusmathematiques.portail15.fr\/index.php?rest_route=%2Fwp%2Fv2%2Fcomments&post=1432"}],"version-history":[{"count":8,"href":"https:\/\/comeniusmathematiques.portail15.fr\/index.php?rest_route=\/wp\/v2\/pages\/1432\/revisions"}],"predecessor-version":[{"id":2036,"href":"https:\/\/comeniusmathematiques.portail15.fr\/index.php?rest_route=\/wp\/v2\/pages\/1432\/revisions\/2036"}],"wp:attachment":[{"href":"https:\/\/comeniusmathematiques.portail15.fr\/index.php?rest_route=%2Fwp%2Fv2%2Fmedia&parent=1432"}],"curies":[{"name":"wp","href":"https:\/\/api.w.org\/{rel}","templated":true}]}}

Eléments de contexte

<p>Lors de chaque mobilité, chaque partenaire a eu à cœur de faire découvrir à ses visiteurs différents aspects de l&#8217;école de son pays, de sa région, mais aussi le contexte pédagogique, culturel, linguistique, historique, social, économique, environnemental&#8230; dans lequel se développent les activités proposées aux élèves. Cette rubrique permet de donner quelques aperçus, selon les points de vue de chacun.</p> <p>Au sommaire:</p> <p>1. les enquêtes PISA qui donnent un classement de chaque pays par rapport aux résultats des élèves,<br /> 2. l&#8217;esprit de &#8220;la tribu&#8221; que nous avons découvert à l&#8217;école de Camprodon et que nous avons adopté,<br /> 3. La visite de l&#8217;université de Jyväskylä,<br /> 4. le sharing feed-back en Finlande, soutien aux jeunes enseignants par des enseignants plus expérimentés,<br /> 5. la table ronde à l&#8217;école de Lascelle où chaque partenaire a présenté le fonctionnement de son école à des enseignants français.</p> <p><iframe src="//docs.google.com/viewer?url=https%3A%2F%2Fcomeniusmathematiques.portail15.fr%2Fwp-content%2Fuploads%2F2015%2F04%2F07_5_Lascelles_table-ronde_belgique_prbene.pdf&hl=fr&embedded=true" class="gde-frame" style="width:100%; height:500px; border: none;" scrolling="no"></iframe>
<p class="gde-text"><a href="https://comeniusmathematiques.portail15.fr/wp-content/uploads/2015/04/07_5_Lascelles_table-ronde_belgique_prbene.pdf" class="gde-link">Télécharger (PDF, 117KB)</a></p></p> <p><iframe src="//docs.google.com/viewer?url=https%3A%2F%2Fcomeniusmathematiques.portail15.fr%2Fwp-content%2Fuploads%2F2015%2F04%2F07_5_Lascelles_table-ronde_freinet_crBene.pdf&hl=fr&embedded=true" class="gde-frame" style="width:100%; height:500px; border: none;" scrolling="no"></iframe>
<p class="gde-text"><a href="https://comeniusmathematiques.portail15.fr/wp-content/uploads/2015/04/07_5_Lascelles_table-ronde_freinet_crBene.pdf" class="gde-link">Télécharger (PDF, 116KB)</a></p></p> <p>(&#8230;)</p> <p>&nbsp;</p> <p><strong>CATALUNYA</strong></p> <p><iframe src="//docs.google.com/viewer?url=https%3A%2F%2Fcomeniusmathematiques.portail15.fr%2Fwp-content%2Fuploads%2F2015%2F04%2F05_camprodon_annexe2.pdf&hl=fr&embedded=true" class="gde-frame" style="width:100%; height:500px; border: none;" scrolling="no"></iframe>
<p class="gde-text"><a href="https://comeniusmathematiques.portail15.fr/wp-content/uploads/2015/04/05_camprodon_annexe2.pdf" class="gde-link">Télécharger (PDF, 104KB)</a></p></p> <p><iframe src="//docs.google.com/viewer?url=https%3A%2F%2Fcomeniusmathematiques.portail15.fr%2Fwp-content%2Fuploads%2F2015%2F04%2F05_camprodon_annexe3.pdf&hl=fr&embedded=true" class="gde-frame" style="width:100%; height:500px; border: none;" scrolling="no"></iframe>
<p class="gde-text"><a href="https://comeniusmathematiques.portail15.fr/wp-content/uploads/2015/04/05_camprodon_annexe3.pdf" class="gde-link">Télécharger (PDF, 100KB)</a></p></p> <p><iframe src="//docs.google.com/viewer?url=https%3A%2F%2Fcomeniusmathematiques.portail15.fr%2Fwp-content%2Fuploads%2F2015%2F04%2F05_camprodon_annexe4.pdf&hl=fr&embedded=true" class="gde-frame" style="width:100%; height:500px; border: none;" scrolling="no"></iframe>
<p class="gde-text"><a href="https://comeniusmathematiques.portail15.fr/wp-content/uploads/2015/04/05_camprodon_annexe4.pdf" class="gde-link">Télécharger (PDF, 114KB)</a></p></p> <p><iframe src="//docs.google.com/viewer?url=https%3A%2F%2Fcomeniusmathematiques.portail15.fr%2Fwp-content%2Fuploads%2F2015%2F04%2F05_camprodon_annexe5_Extrait_historique_approche_enseignement.pdf&hl=fr&embedded=true" class="gde-frame" style="width:100%; height:500px; border: none;" scrolling="no"></iframe>
<p class="gde-text"><a href="https://comeniusmathematiques.portail15.fr/wp-content/uploads/2015/04/05_camprodon_annexe5_Extrait_historique_approche_enseignement.pdf" class="gde-link">Télécharger (PDF, 18KB)</a></p></p> <p><iframe src="//docs.google.com/viewer?url=https%3A%2F%2Fcomeniusmathematiques.portail15.fr%2Fwp-content%2Fuploads%2F2015%2F04%2F05_camprodon_annexe7_1714.pdf&hl=fr&embedded=true" class="gde-frame" style="width:100%; height:500px; border: none;" scrolling="no"></iframe>
<p class="gde-text"><a href="https://comeniusmathematiques.portail15.fr/wp-content/uploads/2015/04/05_camprodon_annexe7_1714.pdf" class="gde-link">Télécharger (PDF, 214KB)</a></p></p> <p><strong>FRANCE</strong></p> <p><iframe src="//docs.google.com/viewer?url=https%3A%2F%2Fcomeniusmathematiques.portail15.fr%2Fwp-content%2Fuploads%2F2015%2F04%2F07_4_feldenkrais.jpg&hl=fr&embedded=true" class="gde-frame" style="width:100%; height:500px; border: none;" scrolling="no"></iframe>
<p class="gde-text"><a href="https://comeniusmathematiques.portail15.fr/wp-content/uploads/2015/04/07_4_feldenkrais.jpg" class="gde-link">Télécharger (JPG, 120KB)</a></p></p> <p><strong>SUOMI</strong></p> <p><iframe src="//docs.google.com/viewer?url=https%3A%2F%2Fcomeniusmathematiques.portail15.fr%2Fwp-content%2Fuploads%2F2015%2F04%2F08_2_Jyv%C3%A4skyl%C3%A4_paivakoti.pdf&hl=fr&embedded=true" class="gde-frame" style="width:100%; height:500px; border: none;" scrolling="no"></iframe>
<p class="gde-text"><a href="https://comeniusmathematiques.portail15.fr/wp-content/uploads/2015/04/08_2_Jyväskylä_paivakoti.pdf" class="gde-link">Télécharger (PDF, 154KB)</a></p></p> <p><iframe src="//docs.google.com/viewer?url=https%3A%2F%2Fcomeniusmathematiques.portail15.fr%2Fwp-content%2Fuploads%2F2015%2F04%2F08_2_paivakoti-annexe1.pdf&hl=fr&embedded=true" class="gde-frame" style="width:100%; height:500px; border: none;" scrolling="no"></iframe>
<p class="gde-text"><a href="https://comeniusmathematiques.portail15.fr/wp-content/uploads/2015/04/08_2_paivakoti-annexe1.pdf" class="gde-link">Télécharger (PDF, 148KB)</a></p></p> <p><strong>EESTI</strong></p> <p><iframe src="//docs.google.com/viewer?url=https%3A%2F%2Fcomeniusmathematiques.portail15.fr%2Fwp-content%2Fuploads%2F2015%2F04%2F08_6_estonie.pdf&hl=fr&embedded=true" class="gde-frame" style="width:100%; height:500px; border: none;" scrolling="no"></iframe>
<p class="gde-text"><a href="https://comeniusmathematiques.portail15.fr/wp-content/uploads/2015/04/08_6_estonie.pdf" class="gde-link">Télécharger (PDF, 173KB)</a></p></p> <p><iframe src="//docs.google.com/viewer?url=https%3A%2F%2Fcomeniusmathematiques.portail15.fr%2Fwp-content%2Fuploads%2F2015%2F04%2F08_7_estonie-annexe2.pdf&hl=fr&embedded=true" class="gde-frame" style="width:100%; height:500px; border: none;" scrolling="no"></iframe>
<p class="gde-text"><a href="https://comeniusmathematiques.portail15.fr/wp-content/uploads/2015/04/08_7_estonie-annexe2.pdf" class="gde-link">Télécharger (PDF, 259KB)</a></p></p> <p>&nbsp;</p>

<p>Lors de chaque mobilité, chaque partenaire a eu à cœur de faire découvrir à ses visiteurs différents aspects de l&#8217;école de son pays, de sa région, mais aussi le contexte pédagogique, culturel, linguistique, historique, social, économique, environnemental&#8230; dans lequel se développent les activités proposées aux élèves. Cette rubrique permet de donner quelques aperçus, selon les [&hellip;]</p>
